{"id":7144,"date":"2020-05-20T04:57:19","date_gmt":"2020-05-20T04:57:19","guid":{"rendered":"https:\/\/hispanoiptv.com\/?page_id=7144"},"modified":"2020-05-20T04:57:23","modified_gmt":"2020-05-20T04:57:23","slug":"terminos-y-condiciones","status":"publish","type":"page","link":"https:\/\/hispanoiptv.org\/smarters\/terminos-y-condiciones\/","title":{"rendered":"T\u00e9rminos y Condiciones"},"content":{"rendered":"\n<h3 class=\"wp-block-heading\">Informaci\u00f3n General<\/h3>\n\n\n\n<p>Este sitio web es operado por HISPANO IPTV. En todo el sitio, los t\u00e9rminos se refieren a HISPANO IPTV ofrece este sitio web, incluyendo toda la informaci\u00f3n, herramientas y servicios disponibles para ti en este sitio, el usuario, est\u00e1 condicionado a la aceptaci\u00f3n de todos los t\u00e9rminos, condiciones, pol\u00edticas y notificaciones aqu\u00ed establecidos.<\/p>\n\n\n\n<p>Al visitar nuestro sitio y\/o comprar algo de nosotros, participas en nuestro \u201cServicio\u201d y aceptas los siguientes t\u00e9rminos y condiciones (\u201cT\u00e9rminos de Servicio\u201d), incluidos todos los t\u00e9rminos y condiciones adicionales y las pol\u00edticas a las que se hace referencia en el presente documento y\/o disponible a trav\u00e9s de hiperv\u00ednculos. Estas Condiciones de Servicio se aplican a todos los usuarios del sitio, incluyendo si limitaci\u00f3n a usuarios que sean navegadores, proveedores, clientes, comerciantes, y\/o colaboradores de contenido.<\/p>\n\n\n\n<p>Por favor, lee estos T\u00e9rminos de Servicio cuidadosamente antes de acceder o utilizar nuestro sitio web. Al acceder o utilizar cualquier parte del sitio, est\u00e1s aceptando los T\u00e9rminos de Servicio. Si no est\u00e1s de acuerdo con todos los t\u00e9rminos y condiciones de este acuerdo, entonces no deber\u00edas acceder a la p\u00e1gina web o usar cualquiera de los servicios. Si las T\u00e9rminos de Servicio son considerados una oferta, la aceptaci\u00f3n est\u00e1 expresamente limitada a estos T\u00e9rminos de Servicio.<\/p>\n\n\n\n<p>Cualquier funci\u00f3n nueva o herramienta que se a\u00f1adan a la tienda actual, tambi\u00e9n estar\u00e1n sujetas a los T\u00e9rminos de Servicio. Puedes revisar la versi\u00f3n actualizada de los T\u00e9rminos de Servicio, en cualquier momento en esta p\u00e1gina. Nos reservamos el derecho de actualizar, cambiar o reemplazar cualquier parte de los T\u00e9rminos de Servicio mediante la publicaci\u00f3n de actualizaciones y\/o cambios en nuestro sitio web. Es tu responsabilidad chequear esta p\u00e1gina peri\u00f3dicamente para verificar cambios. Tu uso continuo o el acceso al sitio web despu\u00e9s de la publicaci\u00f3n de cualquier cambio constituye la aceptaci\u00f3n de dichos cambios.<\/p>\n\n\n\n<h3 class=\"wp-block-heading\">Comprar nuestro servicio<\/h3>\n\n\n\n<p>Todo tipo de envi\u00f3 de lista de canales es a trav\u00e9s de la secci\u00f3n chat de soporte que se encuentra a la esquina inferior derecha o a trav\u00e9s de nuestro whatsapp, todo soporte es de forma en vivo por whatsapp de forma 24\/7 todos los d\u00edas recalcando que\u00a0<strong>HISPANO IPTV NO RESPONDE CORREOS NI TICKET DE SOPORTE<\/strong><\/p>\n\n\n\n<h3 class=\"wp-block-heading\">Condiciones Generales<\/h3>\n\n\n\n<p>Usted declara que tiene conocimiento para configurar SmartTV, SSIPTV, Smart IPTV o cualquier otra aplicaci\u00f3n IPTV.<\/p>\n\n\n\n<p>Est\u00e1s de acuerdo que el pago del servicio no&nbsp;<strong>es reembolsable por ning\u00fan motivo.<\/strong><\/p>\n\n\n\n<p>Est\u00e1s de acuerdo con no reproducir, duplicar, copiar, vender, revender o explotar cualquier parte del Servicio, uso del Servicio, o acceso al Servicio o cualquier contacto en el sitio web a trav\u00e9s del cual se presta el servicio, sin el expreso permiso por escrito de nuestra parte.<\/p>\n\n\n\n<p>Los t\u00edtulos utilizados en este acuerdo se incluyen solo por conveniencia y no limita o afecta a estos T\u00e9rminos.<\/p>\n\n\n\n<h3 class=\"wp-block-heading\">Modificaciones al Servicio y Precios<\/h3>\n\n\n\n<p>Los precios de nuestros productos est\u00e1n sujetos a cambio sin aviso.<\/p>\n\n\n\n<p>No seremos responsables ante el cliente o alguna tercera parte por cualquier modificaci\u00f3n, cambio de precio, suspensi\u00f3n o discontinuidad del Servicio por incumplimiento de nuestro t\u00e9rminos y condiciones.<\/p>\n\n\n\n<h3 class=\"wp-block-heading\">Errores, Fallas u Omisiones del Servicio<\/h3>\n\n\n\n<p>De vez en cuando puede presentarse alguna falla del servicio debido a que ning\u00fan proveedor de IPTV puede garantizar el 100% de sus canales funcionando, ya que ocurren fallas externas a nosotros, es por ello que no recomendamos adquirir el servicio si s\u00f3lo desea un solo canal favorito.<\/p>\n\n\n\n<p>Si desea adquirir el servicio por 1 solo canal favorito, no lo recomendamos, debido a que pueden ocurrir problemas ajenos a nosotros y puede ser el canal por el cual adquiriste el servicio.<\/p>\n\n\n\n<p>Nosotros nos comprometemos a solucionar el problema lo m\u00e1s antes posible.<\/p>\n\n\n\n<h3 class=\"wp-block-heading\">Usos Prohibidos<\/h3>\n\n\n\n<p>Est\u00e1 prohibido retransmitir nuestros enlaces por alg\u00fan tipo de software y\/o servidor No se puede usar VPN ni proxy para ver los canales si usted incumple esto se le dar\u00e1 de baja definitiva al servicio sin previo aviso.<\/p>\n\n\n\n<h3 class=\"wp-block-heading\">Acuerdo Completo<\/h3>\n\n\n\n<p>Nuestra falla para ejercer o hacer valer cualquier derecho o disposici\u00f3n de estas Condiciones de Servicio no constituir\u00e1 una renuncia a tal derecho o disposici\u00f3n.<\/p>\n\n\n\n<p>Estas Condiciones del servicio y las pol\u00edticas o reglas de operaci\u00f3n publicadas por nosotros en este sitio o con respecto al servicio constituyen el acuerdo completo y el entendimiento entre el cliente y nosotros y rigen el uso del Servicio y reemplaza cualquier acuerdo, comunicaciones y propuestas anteriores o contempor\u00e1neas, ya sea oral o escrita, entre el cliente &nbsp;y nosotros (incluyendo, pero no limitado a, cualquier versi\u00f3n previa de los T\u00e9rminos de Servicio).<\/p>\n\n\n\n<p>Cualquier ambig\u00fcedad en la interpretaci\u00f3n de estas Condiciones del servicio no se interpretar\u00e1n en contra del grupo de redacci\u00f3n.<\/p>\n\n\n\n<h3 class=\"wp-block-heading\">Cambios en los T\u00e9rminos del Servicio<\/h3>\n\n\n\n<p>Puedes revisar la versi\u00f3n m\u00e1s actualizada de los T\u00e9rminos de Servicio en cualquier momento en esta p\u00e1gina.<\/p>\n\n\n\n<p>Nos reservamos el derecho de actualizar, modificar o reemplazar cualquier parte de estas Condiciones del servicio mediante la publicaci\u00f3n de las actualizaciones y los cambios en nuestro sitio web. Es &nbsp;de responsabilidad del cliente revisar nuestro sitio web peri\u00f3dicamente para verificar los cambios. El uso continuo de o el acceso a nuestro sitio Web o el Servicio despu\u00e9s de la publicaci\u00f3n de cualquier cambio en \u00e9stas Condiciones de servicio implica la aceptaci\u00f3n de dichos cambios.<\/p>\n\n\n\n<p><strong>AVISO: No es necesario reportar cuando falle un canal, estamos trabajando para solucionarlo.<\/strong><\/p>\n","protected":false},"excerpt":{"rendered":"<p>Informaci\u00f3n General Este sitio web es operado por HISPANO IPTV. En todo el sitio, los t\u00e9rminos se refieren a HISPANO IPTV ofrece este sitio web, incluyendo toda la informaci\u00f3n, herramientas y servicios disponibles para ti en este sitio, el usuario,&#8230;<\/p>\n","protected":false},"author":1,"featured_media":0,"parent":0,"menu_order":0,"comment_status":"closed","ping_status":"closed","template":"","meta":{"_monsterinsights_skip_tracking":false,"_monsterinsights_sitenote_active":false,"_monsterinsights_sitenote_note":"","_monsterinsights_sitenote_category":0,"_pvb_checkbox_block_on_post":true,"footnotes":""},"class_list":["post-7144","page","type-page","status-publish","hentry"],"yoast_head":"<!-- This site is optimized with the Yoast SEO Premium plugin v18.1 (Yoast SEO v26.6) - https:\/\/yoast.com\/wordpress\/plugins\/seo\/ -->\n<title>T\u00e9rminos y Condiciones - IPTV Latino HD - Television por internet<\/title>\n<meta name=\"robots\" content=\"index, follow, max-snippet:-1, max-image-preview:large, max-video-preview:-1\" \/>\n<link rel=\"canonical\" href=\"https:\/\/hispanoiptv.org\/smarters\/terminos-y-condiciones\/\" \/>\n<meta property=\"og:locale\" content=\"es_ES\" \/>\n<meta property=\"og:type\" content=\"article\" \/>\n<meta property=\"og:title\" content=\"T\u00e9rminos y Condiciones\" \/>\n<meta property=\"og:description\" content=\"Informaci\u00f3n General Este sitio web es operado por HISPANO IPTV. En todo el sitio, los t\u00e9rminos se refieren a HISPANO IPTV ofrece este sitio web, incluyendo toda la informaci\u00f3n, herramientas y servicios disponibles para ti en este sitio, el usuario,...\" \/>\n<meta property=\"og:url\" content=\"https:\/\/hispanoiptv.org\/smarters\/terminos-y-condiciones\/\" \/>\n<meta property=\"og:site_name\" content=\"IPTV Latino HD - Television por internet\" \/>\n<meta property=\"article:modified_time\" content=\"2020-05-20T04:57:23+00:00\" \/>\n<meta name=\"twitter:card\" content=\"summary_large_image\" \/>\n<meta name=\"twitter:label1\" content=\"Tiempo de lectura\" \/>\n\t<meta name=\"twitter:data1\" content=\"5 minutos\" \/>\n<script type=\"application\/ld+json\" class=\"yoast-schema-graph\">{\"@context\":\"https:\/\/schema.org\",\"@graph\":[{\"@type\":\"WebPage\",\"@id\":\"https:\/\/hispanoiptv.org\/smarters\/terminos-y-condiciones\/\",\"url\":\"https:\/\/hispanoiptv.org\/smarters\/terminos-y-condiciones\/\",\"name\":\"T\u00e9rminos y Condiciones - IPTV Latino HD - Television por internet\",\"isPartOf\":{\"@id\":\"https:\/\/hispanoiptv.org\/smarters\/#website\"},\"datePublished\":\"2020-05-20T04:57:19+00:00\",\"dateModified\":\"2020-05-20T04:57:23+00:00\",\"breadcrumb\":{\"@id\":\"https:\/\/hispanoiptv.org\/smarters\/terminos-y-condiciones\/#breadcrumb\"},\"inLanguage\":\"es\",\"potentialAction\":[{\"@type\":\"ReadAction\",\"target\":[\"https:\/\/hispanoiptv.org\/smarters\/terminos-y-condiciones\/\"]}]},{\"@type\":\"BreadcrumbList\",\"@id\":\"https:\/\/hispanoiptv.org\/smarters\/terminos-y-condiciones\/#breadcrumb\",\"itemListElement\":[{\"@type\":\"ListItem\",\"position\":1,\"name\":\"Home\",\"item\":\"https:\/\/hispanoiptv.org\/smarters\/\"},{\"@type\":\"ListItem\",\"position\":2,\"name\":\"T\u00e9rminos y Condiciones\"}]},{\"@type\":\"WebSite\",\"@id\":\"https:\/\/hispanoiptv.org\/smarters\/#website\",\"url\":\"https:\/\/hispanoiptv.org\/smarters\/\",\"name\":\"IPTV Latino HD - Television por internet\",\"description\":\"IPTV Latino + 2000 Canales HD, Full HD + VOD. Chile \/ Latinoamerica \/ USA + Eventos Deportivos PPV, Canales Peliculas Premium, Infantiles 24\/7 y m\u00e1s\",\"publisher\":{\"@id\":\"https:\/\/hispanoiptv.org\/smarters\/#organization\"},\"potentialAction\":[{\"@type\":\"SearchAction\",\"target\":{\"@type\":\"EntryPoint\",\"urlTemplate\":\"https:\/\/hispanoiptv.org\/smarters\/?s={search_term_string}\"},\"query-input\":{\"@type\":\"PropertyValueSpecification\",\"valueRequired\":true,\"valueName\":\"search_term_string\"}}],\"inLanguage\":\"es\"},{\"@type\":\"Organization\",\"@id\":\"https:\/\/hispanoiptv.org\/smarters\/#organization\",\"name\":\"Hispano IPTV\",\"url\":\"https:\/\/hispanoiptv.org\/smarters\/\",\"logo\":{\"@type\":\"ImageObject\",\"inLanguage\":\"es\",\"@id\":\"https:\/\/hispanoiptv.org\/smarters\/#\/schema\/logo\/image\/\",\"url\":\"https:\/\/hispanoiptv.org\/home\/wp-content\/uploads\/2020\/02\/logo_hispano_oscuro.png\",\"contentUrl\":\"https:\/\/hispanoiptv.org\/home\/wp-content\/uploads\/2020\/02\/logo_hispano_oscuro.png\",\"width\":300,\"height\":73,\"caption\":\"Hispano IPTV\"},\"image\":{\"@id\":\"https:\/\/hispanoiptv.org\/smarters\/#\/schema\/logo\/image\/\"}}]}<\/script>\n<!-- \/ Yoast SEO Premium plugin. -->","yoast_head_json":{"title":"T\u00e9rminos y Condiciones - IPTV Latino HD - Television por internet","robots":{"index":"index","follow":"follow","max-snippet":"max-snippet:-1","max-image-preview":"max-image-preview:large","max-video-preview":"max-video-preview:-1"},"canonical":"https:\/\/hispanoiptv.org\/smarters\/terminos-y-condiciones\/","og_locale":"es_ES","og_type":"article","og_title":"T\u00e9rminos y Condiciones","og_description":"Informaci\u00f3n General Este sitio web es operado por HISPANO IPTV. En todo el sitio, los t\u00e9rminos se refieren a HISPANO IPTV ofrece este sitio web, incluyendo toda la informaci\u00f3n, herramientas y servicios disponibles para ti en este sitio, el usuario,...","og_url":"https:\/\/hispanoiptv.org\/smarters\/terminos-y-condiciones\/","og_site_name":"IPTV Latino HD - Television por internet","article_modified_time":"2020-05-20T04:57:23+00:00","twitter_card":"summary_large_image","twitter_misc":{"Tiempo de lectura":"5 minutos"},"schema":{"@context":"https:\/\/schema.org","@graph":[{"@type":"WebPage","@id":"https:\/\/hispanoiptv.org\/smarters\/terminos-y-condiciones\/","url":"https:\/\/hispanoiptv.org\/smarters\/terminos-y-condiciones\/","name":"T\u00e9rminos y Condiciones - IPTV Latino HD - Television por internet","isPartOf":{"@id":"https:\/\/hispanoiptv.org\/smarters\/#website"},"datePublished":"2020-05-20T04:57:19+00:00","dateModified":"2020-05-20T04:57:23+00:00","breadcrumb":{"@id":"https:\/\/hispanoiptv.org\/smarters\/terminos-y-condiciones\/#breadcrumb"},"inLanguage":"es","potentialAction":[{"@type":"ReadAction","target":["https:\/\/hispanoiptv.org\/smarters\/terminos-y-condiciones\/"]}]},{"@type":"BreadcrumbList","@id":"https:\/\/hispanoiptv.org\/smarters\/terminos-y-condiciones\/#breadcrumb","itemListElement":[{"@type":"ListItem","position":1,"name":"Home","item":"https:\/\/hispanoiptv.org\/smarters\/"},{"@type":"ListItem","position":2,"name":"T\u00e9rminos y Condiciones"}]},{"@type":"WebSite","@id":"https:\/\/hispanoiptv.org\/smarters\/#website","url":"https:\/\/hispanoiptv.org\/smarters\/","name":"IPTV Latino HD - Television por internet","description":"IPTV Latino + 2000 Canales HD, Full HD + VOD. Chile \/ Latinoamerica \/ USA + Eventos Deportivos PPV, Canales Peliculas Premium, Infantiles 24\/7 y m\u00e1s","publisher":{"@id":"https:\/\/hispanoiptv.org\/smarters\/#organization"},"potentialAction":[{"@type":"SearchAction","target":{"@type":"EntryPoint","urlTemplate":"https:\/\/hispanoiptv.org\/smarters\/?s={search_term_string}"},"query-input":{"@type":"PropertyValueSpecification","valueRequired":true,"valueName":"search_term_string"}}],"inLanguage":"es"},{"@type":"Organization","@id":"https:\/\/hispanoiptv.org\/smarters\/#organization","name":"Hispano IPTV","url":"https:\/\/hispanoiptv.org\/smarters\/","logo":{"@type":"ImageObject","inLanguage":"es","@id":"https:\/\/hispanoiptv.org\/smarters\/#\/schema\/logo\/image\/","url":"https:\/\/hispanoiptv.org\/home\/wp-content\/uploads\/2020\/02\/logo_hispano_oscuro.png","contentUrl":"https:\/\/hispanoiptv.org\/home\/wp-content\/uploads\/2020\/02\/logo_hispano_oscuro.png","width":300,"height":73,"caption":"Hispano IPTV"},"image":{"@id":"https:\/\/hispanoiptv.org\/smarters\/#\/schema\/logo\/image\/"}}]}},"post_mailing_queue_ids":[],"_links":{"self":[{"href":"https:\/\/hispanoiptv.org\/smarters\/wp-json\/wp\/v2\/pages\/7144","targetHints":{"allow":["GET"]}}],"collection":[{"href":"https:\/\/hispanoiptv.org\/smarters\/wp-json\/wp\/v2\/pages"}],"about":[{"href":"https:\/\/hispanoiptv.org\/smarters\/wp-json\/wp\/v2\/types\/page"}],"author":[{"embeddable":true,"href":"https:\/\/hispanoiptv.org\/smarters\/wp-json\/wp\/v2\/users\/1"}],"replies":[{"embeddable":true,"href":"https:\/\/hispanoiptv.org\/smarters\/wp-json\/wp\/v2\/comments?post=7144"}],"version-history":[{"count":1,"href":"https:\/\/hispanoiptv.org\/smarters\/wp-json\/wp\/v2\/pages\/7144\/revisions"}],"predecessor-version":[{"id":7153,"href":"https:\/\/hispanoiptv.org\/smarters\/wp-json\/wp\/v2\/pages\/7144\/revisions\/7153"}],"wp:attachment":[{"href":"https:\/\/hispanoiptv.org\/smarters\/wp-json\/wp\/v2\/media?parent=7144"}],"curies":[{"name":"wp","href":"https:\/\/api.w.org\/{rel}","templated":true}]}}